(q) = -10 + 14 + 6*q + q**2 - q. Determine p(-6).
10
Suppose -4 = 5*g - 9. Let t(i) = -5*i + 1. What is t(g)?
-4
Suppose 0 = 2*j - 3*a + 5, -j + 0*a - 2*a + 8 = 0. Let b be 9/j - 3/6. Let y(f) be the third derivative of f**5/60 - f**4/12 - f**3/6 + 2*f**2. Give y(b).
7
Let x(m) = m**3 - 4*m + 6*m + 2*m + 6*m**2. Suppose 0 = -5*g - 6 - 19. What is x(g)?
5
Suppose -5*t = 5*w - 0*t + 15, 13 = 5*w - 2*t. Let p(h) = -h**2 - 4*h + 3. Let b(l) = -2*l**2 - 5*l + 4. Let s(d) = 2*b(d) - 3*p(d). What is s(w)?
0
Let g(k) = -k**2 + 6*k - 5. Let c(m) = -4*m - 3. Let l be c(-2). Calculate g(l).
0
Let j = -39 + 44. Let g(v) = -v**2 + 7*v + 2. Determine g(j).
12
Let i(j) = j**3 + j**2 - 1. Let a(b) = 4*b - 1 - b - 6*b**2 + 4*b**2 - 2*b. Let x be a(1). Give i(x).
-5
Suppose -5*a - 3*q - 15 = 0, -5*a - 2*q - 2*q - 20 = 0. Suppose a*p - 2*p = -2. Let l(t) = -3*t**3 - t**2 - t + 1. Give l(p).
-4
Let x = 11 + -15. Let s be x/10 - 44/(-10). Let z(l) be the first derivative of -l**4/4 + 4*l**3/3 + l**2 - 3*l + 9. Determine z(s).
5
Let d(t) be the first derivative of t**3/3 + t**2/2 - 5*t - 6. Calculate d(0).
-5
Let j be 1/2*(-12)/3. Let k(z) = z - 2. What is k(j)?
-4
Let u = 22 + -29. Let w(a) = 2*a + 10. Give w(u).
-4
Let q(u) = -u**2 + 2*u - 2. Let t = 8 + -3. Suppose 4*m + 17 = 5*m + t*c, 2*m + 4*c = 16. Calculate q(m).
-2
Let k(b) = 2*b**3 - 4*b**2 + 4*b - 3. Let z = -1 + 4. Suppose -2*u + 4*q = 12, u - z*q - 1 + 11 = 0. Give k(u).
5
Let r(q) = -3*q + 52. Let k be r(16). Let p(h) = h**3 - 2*h**2 - h. Let b(g) = g**3 - g**2 - g - 1. Let u(w) = -2*b(w) + 3*p(w). Determine u(k).
-2
Let o(r) = -2*r. Let q be 5 + (-1 - (-2 + 1)). Suppose 15 = q*z, -5*z = 4*d - 11 - 28. Let x = d - 9. Calculate o(x).
6
Let x = -4 - -5. Let j = x + 1. Let b(y) = 1 - 11*y**j - 3*y**2 + 3*y**2 - y. What is b(1)?
-11
Let j(d) = -d + 7*d - 5*d + 10. Let y = -11 + 5. Calculate j(y).
4
Suppose -2 = 2*z - 10. Let i(q) = 3 + z*q + 0*q - 5*q. Give i(-5).
8
Let q(w) = 0*w**2 - w**3 + 4*w**2 - 2*w - w**2 + 3. Calculate q(3).
-3
Let t be 2 + 1*-2 - -3. Let y = 8 - t. Let w(l) = 2*l**3 - 15*l**2 - 14*l + 13. Let b(k) = -k**3 + 8*k**2 + 7*k - 7. Let n(h) = 7*b(h) + 4*w(h). What is n(y)?
-7
Let f(o) = 2*o**2 - 1. Suppose -6*a = -2*a. Let q = a + 2. Suppose -q*n = n - 3. Calculate f(n).
1
Suppose 2*m + m = -9. Let z(u) = -4*u - 1. Calculate z(m).
11
Let c(g) = g. Let t(p) = -1 + 2 - 1 - 2. Let y(x) = -3*c(x) - t(x). Let n be 3/5 + (-36)/(-15). Determine y(n).
-7
Let n(l) = 3*l + 1. Let t be n(1). Suppose -4 = -5*d + 6. Let c(x) = -d*x**2 - x + x**2 + 6*x. Determine c(t).
4
Let q = 5 + 8. Let v = q - 7. Suppose o - 10 = v*o. Let c(p) = p**3 + p**2 + 2. What is c(o)?
-2
Suppose 5*j = h + 14, -2*h + 6*h - j + 18 = 0. Let q(c) = 2*c + 3 - 3*c - 3 + 1. Let m(g) = -2*g + 4. Let k(i) = 2*m(i) - 6*q(i). What is k(h)?
-6
Let d(f) be the second derivative of 0*f**3 + 0 + 2*f - 3/4*f**4 + 1/2*f**2. What is d(1)?
-8
Let n = 119 + -114. Let l(i) = -3*i + 3. Give l(n).
-12
Suppose 5*i - 189 = -2*x, i - 33 = -0*i + 2*x. Suppose 2*h = 2*d - 3*d + 7, -2*h + 5*d = -i. Let z = h + -12. Let p(l) = l**2 + 6*l - 8. Calculate p(z).
-8
Let s = -11 + 16. Let m = 1 + 1. Let j(o) = 34 - o**m + 2*o - 31 + 3*o. Give j(s).
3
Suppose 2*v - 7 + 1 = -2*o, 0 = -v + 5*o - 9. Let y(i) = 1 - 2 + 0 + 2*i. Give y(v).
1
Let v(u) = u**2 + 4*u - 3. Let b(t) = t**2 + 7*t. Let h(m) = -2*m + 4. Let p be h(5). Let n be b(p). Let y be 18/(-12)*(-16)/n. What is v(y)?
-3
Let n(s) be the second derivative of s**5/20 - 2*s**4/3 - 2*s**3/3 + s**2 - 3*s. Let j(v) = -2*v**3 + 17*v**2 + 9*v - 4. Let b(l) = 6*j(l) + 13*n(l). Give b(2).
6
Let h(g) = -3*g + 4. Let y(z) = 2*z - 4. Let i(o) = -3*h(o) - 4*y(o). What is i(-4)?
0
Suppose -2*v = 3*v + 25. Let a be v/2*(-3 - -5). Let o(y) be the third derivative of y**4/12 + 2*y**3/3 - y**2. Calculate o(a).
-6
Let o = -4 + 2. Suppose 2*k - 7 = 3*l, -5*k + 2*l + 11 = l. Let a(g) = -g**2 - g**3 - 3*g**2 - 2 - k*g - 2*g. Determine a(o).
-2
Let q = 68 + -77. Let r(o) = -o**3 - 10*o**2 - 8*o + 5. Calculate r(q).
-4
Let n(x) = -x**2 + x + 1. Let g = 17 + -15. Suppose -o = g*o - 6. Calculate n(o).
-1
Let s be 30/5 + -2 + 0. Let d(k) = k + 4. What is d(s)?
8
Let j(n) = n**3 + 2*n**2 - 3*n + 3. Suppose -b = b + 2*x - 8, -5*b - 4*x = -20. Suppose -10 = b*q + 2. What is j(q)?
3
Let k(x) be the third derivative of -x**5/20 - x**3/6 + 4*x**2. Suppose 3*j + 2 = -13. Let i = 4 + j. Determine k(i).
-4
Let g(i) = i**2 - 1. Let h(l) = -l**3 + 4*l**2 + 4*l + 5. Let u be h(5). Suppose 3*c - 3 = u, 0 = j - c - 4. Suppose -4*o = o + j. What is g(o)?
0
Suppose 3*p + 4 = 7. Let m(x) = -3*x**2 - 2*x + 1. Give m(p).
-4
Let v(m) = m**2 + 4*m + 1. Let g be v(-4). Let r(o) = -3*o - 3*o - g + o. What is r(1)?
-6
Let o be 0 + 2 - (-1 + 1). Let r = 5 - 2. Let s(f) = -1 + 3*f - r + o + 0. Give s(-3).
-11
Let q(f) = 5*f - 1. Let h = -8 - -6. Let t be (2/6)/(h/(-24)). Suppose -t = z + l - 1, z - 3*l = 17. Calculate q(z).
9
Let h be (-20)/6 - 1/(-3). Let t = -8 - h. Let x(d) = -d**2 - 5*d + 3. Calculate x(t).
3
Let h(b) = -4*b**3 - 1. Suppose -4*q + 6 + 2 = 0. Suppose 0 = -2*m - q - 0. What is h(m)?
3
Let g(h) = 3*h**3 - 14*h**2 - 11*h - 8. Let m(o) = o**3 - 5*o**2 - 4*o - 3. Let p(s) = -3*g(s) + 8*m(s). Calculate p(2).
2
Let r(f) be the third derivative of -f**5/60 + f**4/8 + f**3/6 + f**2. Determine r(3).
1
Let q(i) = -2 + 0 - 13*i + 10*i + i**2 + i**3. Let v(m) = m - 2. Let s be v(0). Determine q(s).
0
Let j(r) = r**2 - 8*r + 9. Let b be j(6). Let q be 1/(1/8*4). Let a(w) = -2 + 11*w**q + 11*w**2 - 24*w**2 + 2*w - w**3. Calculate a(b).
1
Let k be 162/21 - 4/(-14). Let a(p) = -p**2 + 7*p + 10. Let n be a(k). Let g be 0/((-1 - n)/(-3)). Let q(x) = -x**3 + x**2 + x - 1. What is q(g)?
-1
Let z(v) be the first derivative of -4/3*v**3 - 1/4*v**4 + 3 + v - 3/2*v**2. Give z(-3).
1
Let w(i) = 4*i**2 + 6*i + 1. Let x(h) = -3*h**2 - 6*h. Let m(n) = 4*w(n) + 5*x(n). Calculate m(5).
-1
Let v(a) = -3*a - 3. Suppose 3*x - 4 = 5. What is v(x)?
-12
Let a be (0 - 6/9)*-3. Let j(g) = -2*g**3 + 2 + 4*g**2 + a*g**2 + 3*g**3 + 5*g + g. What is j(-5)?
-3
Let z(w) = 7*w - 6*w + 0*w + 0 - 6. Determine z(0).
-6
Let s = -3 + -1. Let t = s + 0. Let l(r) = r**3 + 4*r**2 + r + 1. Let a be l(t). Let m(c) = -c**2 - 3*c - 1. What is m(a)?
-1
Let g(q) = 2*q - 2. Suppose 0 = -3*l - 3, 3*w + 13 - 30 = 5*l. Determine g(w).
6
Let i be (1 - 1)*(-1)/2. Let t(q) = 4*q**3 + 2*q**2 - q + 4. Let g(n) = -3*n**3 - n**2 + n - 3. Let d(x) = 3*g(x) + 2*t(x). Give d(i).
-1
Let v(n) = 3*n - 1. Suppose 4 = 5*b - b. Calculate v(b).
2
Suppose -3*u - 6 = 2*n - 36, 2*u = 8. Suppose -n = -4*q + q. Let k(g) = -g**3 + 2*g**2 - 2*g + 3. What is k(q)?
-12
Let r(i) be the third derivative of -i**5/60 - 5*i**4/24 - i**3/3 + i**2. Suppose 1 = -5*s - 24. Let k be r(s). Let c(x) = x**2 + 1. What is c(k)?
5
Let j(d) = 4*d - 7. Let z(k) = -6*k + 12. Let y(f) = 9*f - 18. Let v(n) = 5*y(n) + 8*z(n). Let i(r) = 4*j(r) + 5*v(r). Calculate i(-5).
-3
Suppose -15 = 2*z - 5. Let u(p) = p + 5. Let i be u(z). Let d(n) = -n**2 + i - 5 + 8*n - 4*n. Give d(5).
-10
Let v(c) be the first derivative of c**4/24 + c**3/6 - c**2/2 + 4. Let u(h) be the second derivative of v(h). Give u(-6).
-5
Let x(w) be the first derivative of 5*w**4/12 + w**3/6 + w**2/2 + 3*w + 4. Let f(p) be the first derivative of x(p). Let k be (4/(-8))/(2/4). Calculate f(k).
5
Let s(f) = -6*f. Suppose -2*l = -4*r - 6, -r + 0*r + 3*l = -6. Let j be (3/9)/(1/r). Give s(j).
6
Let c(w) = 4*w + 1. Let y(v) = v. Let n(x) = -2*c(x) + 6*y(x). Calculate n(3).
-8
Let z(i) = i**3 - i. Let r(o) = 5*o**3 + 5*o**2 + o + 1. Let l(g) = r(g) - 4*z(g). Let n be 26/(-7) - (-2)/(-7). Calculate l(n).
-3
Let j(x) = -x**2 + 2*x + 6. Let u(i) = i. Let o(w) = -j(w) - 2*u(w). Let h = -18 + 33. Suppose 3*c + 0*c - h = 0. Calculate o(c).
-1
Let o(m) = -5 + 0 - 3*m**2 + 3 + 4 - 2*m. What is o(-2)?
-6
Suppose -f + 3*i = 10, 2*i + 14 = f + 5*i. Let m(p) = -1 + 0 - f - p. Determine m(-3).
0
Let d(j) = j**2 - 3*j - 3. Suppose -5*c = 61 - 16. Let v be ((-16)/6)/(6/c). Let s = v - 1. What is d(s)?
-3
Let y(j) = j**3 - j**2 + j + 4. Let k be y(0). Let n = k - 3. Let q(g) = -g**2 + 6*g - 4. Let v(x) = x. Let a(s) = n*q(s) - 6*v(s). Give a(-3).
-13
Let v(d) = -d - 11. Let z be v(-5). Let o(c) 